{"id":48,"date":"2023-01-25T12:17:06","date_gmt":"2023-01-25T12:17:06","guid":{"rendered":"https:\/\/markakuyumculuk-com.preview-domain.com\/?page_id=48"},"modified":"2023-01-30T10:14:23","modified_gmt":"2023-01-30T10:14:23","slug":"anasayfa","status":"publish","type":"page","link":"https:\/\/markakuyumculuk.com\/","title":{"rendered":"Anasayfa"},"content":{"rendered":"<style>\/*! elementor - v3.10.1 - 17-01-2023 *\/\n.elementor-widget-image-carousel .swiper-container{position:static}.elementor-widget-image-carousel .swiper-container .swiper-slide figure{line-height:inherit}.elementor-widget-image-carousel .swiper-slide{text-align:center}.elementor-image-carousel-wrapper:not(.swiper-container-initialized) .swiper-slide{max-width:calc(100% \/ var(--e-image-carousel-slides-to-show, 3))}<\/style>\n<figure><img decoding=\"async\" src=\"http:\/\/markakuyumculuk.com\/wp-content\/uploads\/2023\/01\/slider-1-1.png\" alt=\"slider-1\" \/><\/figure>\n<figure><img decoding=\"async\" src=\"http:\/\/markakuyumculuk.com\/wp-content\/uploads\/2023\/01\/slider-2-1.png\" alt=\"slider-2\" \/><\/figure>\n<p>\t\t\t\t\t\t\t\t\t\t\t\t\u00d6nceki<br \/>\n\t\t\t\t\t\t\t\t\t\t\t\tSonraki<\/p>\n<style>\/*! elementor - v3.10.1 - 17-01-2023 *\/\n.elementor-widget-divider{--divider-border-style:none;--divider-border-width:1px;--divider-color:#2c2c2c;--divider-icon-size:20px;--divider-element-spacing:10px;--divider-pattern-height:24px;--divider-pattern-size:20px;--divider-pattern-url:none;--divider-pattern-repeat:repeat-x}.elementor-widget-divider .elementor-divider{display:flex}.elementor-widget-divider .elementor-divider__text{font-size:15px;line-height:1;max-width:95%}.elementor-widget-divider .elementor-divider__element{margin:0 var(--divider-element-spacing);flex-shrink:0}.elementor-widget-divider .elementor-icon{font-size:var(--divider-icon-size)}.elementor-widget-divider .elementor-divider-separator{display:flex;margin:0;direction:ltr}.elementor-widget-divider--view-line_icon .elementor-divider-separator,.elementor-widget-divider--view-line_text .elementor-divider-separator{align-items:center}.elementor-widget-divider--view-line_icon .elementor-divider-separator:after,.elementor-widget-divider--view-line_icon .elementor-divider-separator:before,.elementor-widget-divider--view-line_text .elementor-divider-separator:after,.elementor-widget-divider--view-line_text .elementor-divider-separator:before{display:block;content:\"\";border-bottom:0;flex-grow:1;border-top:var(--divider-border-width) var(--divider-border-style) var(--divider-color)}.elementor-widget-divider--element-align-left .elementor-divider .elementor-divider-separator>.elementor-divider__svg:first-of-type{flex-grow:0;flex-shrink:100}.elementor-widget-divider--element-align-left .elementor-divider-separator:before{content:none}.elementor-widget-divider--element-align-left .elementor-divider__element{margin-left:0}.elementor-widget-divider--element-align-right .elementor-divider .elementor-divider-separator>.elementor-divider__svg:last-of-type{flex-grow:0;flex-shrink:100}.elementor-widget-divider--element-align-right .elementor-divider-separator:after{content:none}.elementor-widget-divider--element-align-right .elementor-divider__element{margin-right:0}.elementor-widget-divider:not(.elementor-widget-divider--view-line_text):not(.elementor-widget-divider--view-line_icon) .elementor-divider-separator{border-top:var(--divider-border-width) var(--divider-border-style) var(--divider-color)}.elementor-widget-divider--separator-type-pattern{--divider-border-style:none}.elementor-widget-divider--separator-type-pattern.elementor-widget-divider--view-line .elementor-divider-separator,.elementor-widget-divider--separator-type-pattern:not(.elementor-widget-divider--view-line) .elementor-divider-separator:after,.elementor-widget-divider--separator-type-pattern:not(.elementor-widget-divider--view-line) .elementor-divider-separator:before,.elementor-widget-divider--separator-type-pattern:not([class*=elementor-widget-divider--view]) .elementor-divider-separator{width:100%;min-height:var(--divider-pattern-height);-webkit-mask-size:var(--divider-pattern-size) 100%;mask-size:var(--divider-pattern-size) 100%;-webkit-mask-repeat:var(--divider-pattern-repeat);mask-repeat:var(--divider-pattern-repeat);background-color:var(--divider-color);-webkit-mask-image:var(--divider-pattern-url);mask-image:var(--divider-pattern-url)}.elementor-widget-divider--no-spacing{--divider-pattern-size:auto}.elementor-widget-divider--bg-round{--divider-pattern-repeat:round}.rtl .elementor-widget-divider .elementor-divider__text{direction:rtl}.e-con-inner>.elementor-widget-divider,.e-con>.elementor-widget-divider{width:var(--container-widget-width);--flex-grow:var(--container-widget-flex-grow)}<\/style>\n<style>\/*! elementor - v3.10.1 - 17-01-2023 *\/\n.elementor-heading-title{padding:0;margin:0;line-height:1}.elementor-widget-heading .elementor-heading-title[class*=elementor-size-]>a{color:inherit;font-size:inherit;line-height:inherit}.elementor-widget-heading .elementor-heading-title.elementor-size-small{font-size:15px}.elementor-widget-heading .elementor-heading-title.elementor-size-medium{font-size:19px}.elementor-widget-heading .elementor-heading-title.elementor-size-large{font-size:29px}.elementor-widget-heading .elementor-heading-title.elementor-size-xl{font-size:39px}.elementor-widget-heading .elementor-heading-title.elementor-size-xxl{font-size:59px}<\/style>\n<h4>SENDEN ONA \u00d6M\u00dcR BOYU HATIRA<\/h4>\n<p>                            <!--Product Start--><br \/>\n                                                                                            <a href=\"https:\/\/markakuyumculuk.com\/?product=eski-tarihli-ceyrek-altin\"><br \/>\n                                                    <img width=\"300\" height=\"375\" src=\"http:\/\/markakuyumculuk.com\/wp-content\/uploads\/2023\/01\/ceyrek-300x375.jpg\" alt=\"\" decoding=\"async\" loading=\"lazy\" srcset=\"https:\/\/markakuyumculuk.com\/wp-content\/uploads\/2023\/01\/ceyrek-300x375.jpg 300w, https:\/\/markakuyumculuk.com\/wp-content\/uploads\/2023\/01\/ceyrek-600x750.jpg 600w, https:\/\/markakuyumculuk.com\/wp-content\/uploads\/2023\/01\/ceyrek-240x300.jpg 240w, https:\/\/markakuyumculuk.com\/wp-content\/uploads\/2023\/01\/ceyrek-819x1024.jpg 819w, https:\/\/markakuyumculuk.com\/wp-content\/uploads\/2023\/01\/ceyrek-768x960.jpg 768w, https:\/\/markakuyumculuk.com\/wp-content\/uploads\/2023\/01\/ceyrek.jpg 1080w\" sizes=\"auto, (max-width: 300px) 100vw, 300px\" \/><br \/>\n                                                <\/a><\/p>\n<ul>\n<li>\n                                                        <a href=\"#\" data-quick-id=\"119\" aria-label=\"Eski Tarihli \u00c7eyrek Alt\u0131n\"><br \/>\n                                                            Quick View<br \/>\n                                                        <\/a>\n                                                    <\/li>\n<li><a href=\"?add-to-cart=119\" data-quantity=\"1\" data-product_id=\"119\" data-product_sku=\"\" aria-label=\"&ldquo;Eski Tarihli \u00c7eyrek Alt\u0131n&rdquo; \u00fcr\u00fcn\u00fcn\u00fc sepete ekle\" rel=\"nofollow\">Sepete Ekle<\/a><\/li>\n<\/ul>\n<p>                                            <a href=\"https:\/\/markakuyumculuk.com\/?product_cat=altin\">Alt\u0131n<\/a><\/p>\n<h4 class='ht-product-title'><a href='https:\/\/markakuyumculuk.com\/?product=eski-tarihli-ceyrek-altin'>Eski Tarihli \u00c7eyrek Alt\u0131n<\/a><\/h4>\n<p>\t<bdi>&#8378;2,069.00<\/bdi><br \/>\n                            <!--Product End--><br \/>\n                            <!--Product Start--><br \/>\n                                                                                            <a href=\"https:\/\/markakuyumculuk.com\/?product=yeni-tarihli-ceyrek-altin\"><br \/>\n                                                    <img width=\"300\" height=\"375\" src=\"http:\/\/markakuyumculuk.com\/wp-content\/uploads\/2023\/01\/ceyrek-300x375.jpg\" alt=\"\" decoding=\"async\" loading=\"lazy\" srcset=\"https:\/\/markakuyumculuk.com\/wp-content\/uploads\/2023\/01\/ceyrek-300x375.jpg 300w, https:\/\/markakuyumculuk.com\/wp-content\/uploads\/2023\/01\/ceyrek-600x750.jpg 600w, https:\/\/markakuyumculuk.com\/wp-content\/uploads\/2023\/01\/ceyrek-240x300.jpg 240w, https:\/\/markakuyumculuk.com\/wp-content\/uploads\/2023\/01\/ceyrek-819x1024.jpg 819w, https:\/\/markakuyumculuk.com\/wp-content\/uploads\/2023\/01\/ceyrek-768x960.jpg 768w, https:\/\/markakuyumculuk.com\/wp-content\/uploads\/2023\/01\/ceyrek.jpg 1080w\" sizes=\"auto, (max-width: 300px) 100vw, 300px\" \/><br \/>\n                                                <\/a><\/p>\n<ul>\n<li>\n                                                        <a href=\"#\" data-quick-id=\"117\" aria-label=\"Yeni Tarihli \u00c7eyrek Alt\u0131n\"><br \/>\n                                                            Quick View<br \/>\n                                                        <\/a>\n                                                    <\/li>\n<li><a href=\"?add-to-cart=117\" data-quantity=\"1\" data-product_id=\"117\" data-product_sku=\"\" aria-label=\"&ldquo;Yeni Tarihli \u00c7eyrek Alt\u0131n&rdquo; \u00fcr\u00fcn\u00fcn\u00fc sepete ekle\" rel=\"nofollow\">Sepete Ekle<\/a><\/li>\n<\/ul>\n<p>                                            <a href=\"https:\/\/markakuyumculuk.com\/?product_cat=altin\">Alt\u0131n<\/a><\/p>\n<h4 class='ht-product-title'><a href='https:\/\/markakuyumculuk.com\/?product=yeni-tarihli-ceyrek-altin'>Yeni Tarihli \u00c7eyrek Alt\u0131n<\/a><\/h4>\n<p>\t<bdi>&#8378;2,079.00<\/bdi><br \/>\n                            <!--Product End--><\/p>\n<style>\/*! elementor - v3.10.1 - 17-01-2023 *\/\n.elementor-widget-image{text-align:center}.elementor-widget-image a{display:inline-block}.elementor-widget-image a img[src$=\".svg\"]{width:48px}.elementor-widget-image img{vertical-align:middle;display:inline-block}<\/style>\n<p>\t\t\t\t\t\t\t\t\t\t\t\t<img decoding=\"async\" width=\"1024\" height=\"512\" src=\"http:\/\/markakuyumculuk.com\/wp-content\/uploads\/2023\/01\/reklam-1-1-1024x512.png\" alt=\"\" loading=\"lazy\" srcset=\"https:\/\/markakuyumculuk.com\/wp-content\/uploads\/2023\/01\/reklam-1-1-1024x512.png 1024w, https:\/\/markakuyumculuk.com\/wp-content\/uploads\/2023\/01\/reklam-1-1-300x150.png 300w, https:\/\/markakuyumculuk.com\/wp-content\/uploads\/2023\/01\/reklam-1-1-600x300.png 600w, https:\/\/markakuyumculuk.com\/wp-content\/uploads\/2023\/01\/reklam-1-1-768x384.png 768w, https:\/\/markakuyumculuk.com\/wp-content\/uploads\/2023\/01\/reklam-1-1-1536x768.png 1536w, https:\/\/markakuyumculuk.com\/wp-content\/uploads\/2023\/01\/reklam-1-1.png 1600w\" sizes=\"auto, (max-width: 1024px) 100vw, 1024px\" \/><br \/>\n\t\t\t\t\t\t\t\t\t\t\t\t\t\t\t<img decoding=\"async\" width=\"1024\" height=\"512\" src=\"http:\/\/markakuyumculuk.com\/wp-content\/uploads\/2023\/01\/reklam-2-1024x512.png\" alt=\"\" loading=\"lazy\" srcset=\"https:\/\/markakuyumculuk.com\/wp-content\/uploads\/2023\/01\/reklam-2-1024x512.png 1024w, https:\/\/markakuyumculuk.com\/wp-content\/uploads\/2023\/01\/reklam-2-300x150.png 300w, https:\/\/markakuyumculuk.com\/wp-content\/uploads\/2023\/01\/reklam-2-600x300.png 600w, https:\/\/markakuyumculuk.com\/wp-content\/uploads\/2023\/01\/reklam-2-768x384.png 768w, https:\/\/markakuyumculuk.com\/wp-content\/uploads\/2023\/01\/reklam-2-1536x768.png 1536w, https:\/\/markakuyumculuk.com\/wp-content\/uploads\/2023\/01\/reklam-2.png 1600w\" sizes=\"auto, (max-width: 1024px) 100vw, 1024px\" \/>\t\t\t\t\t\t\t\t\t\t\t\t\t\t\t<\/p>\n<h4>EN \u00c7OK SATANLAR<\/h4>\n<p>                            <!--Product Start--><br \/>\n                                                                                            <a href=\"https:\/\/markakuyumculuk.com\/?product=yeni-tarihli-ceyrek-altin\"><br \/>\n                                                    <img width=\"300\" height=\"375\" src=\"http:\/\/markakuyumculuk.com\/wp-content\/uploads\/2023\/01\/ceyrek-300x375.jpg\" alt=\"\" decoding=\"async\" loading=\"lazy\" srcset=\"https:\/\/markakuyumculuk.com\/wp-content\/uploads\/2023\/01\/ceyrek-300x375.jpg 300w, https:\/\/markakuyumculuk.com\/wp-content\/uploads\/2023\/01\/ceyrek-600x750.jpg 600w, https:\/\/markakuyumculuk.com\/wp-content\/uploads\/2023\/01\/ceyrek-240x300.jpg 240w, https:\/\/markakuyumculuk.com\/wp-content\/uploads\/2023\/01\/ceyrek-819x1024.jpg 819w, https:\/\/markakuyumculuk.com\/wp-content\/uploads\/2023\/01\/ceyrek-768x960.jpg 768w, https:\/\/markakuyumculuk.com\/wp-content\/uploads\/2023\/01\/ceyrek.jpg 1080w\" sizes=\"auto, (max-width: 300px) 100vw, 300px\" \/><br \/>\n                                                <\/a><\/p>\n<ul>\n<li>\n                                                        <a href=\"#\" data-quick-id=\"117\" aria-label=\"Yeni Tarihli \u00c7eyrek Alt\u0131n\"><br \/>\n                                                            Quick View<br \/>\n                                                        <\/a>\n                                                    <\/li>\n<li><a href=\"?add-to-cart=117\" data-quantity=\"1\" data-product_id=\"117\" data-product_sku=\"\" aria-label=\"&ldquo;Yeni Tarihli \u00c7eyrek Alt\u0131n&rdquo; \u00fcr\u00fcn\u00fcn\u00fc sepete ekle\" rel=\"nofollow\">Sepete Ekle<\/a><\/li>\n<\/ul>\n<p>                                            <a href=\"https:\/\/markakuyumculuk.com\/?product_cat=altin\">Alt\u0131n<\/a><\/p>\n<h4 class='ht-product-title'><a href='https:\/\/markakuyumculuk.com\/?product=yeni-tarihli-ceyrek-altin'>Yeni Tarihli \u00c7eyrek Alt\u0131n<\/a><\/h4>\n<p>\t<bdi>&#8378;2,079.00<\/bdi><br \/>\n                            <!--Product End--><br \/>\n                            <!--Product Start--><br \/>\n                                                                                            <a href=\"https:\/\/markakuyumculuk.com\/?product=eski-tarihli-ceyrek-altin\"><br \/>\n                                                    <img width=\"300\" height=\"375\" src=\"http:\/\/markakuyumculuk.com\/wp-content\/uploads\/2023\/01\/ceyrek-300x375.jpg\" alt=\"\" decoding=\"async\" loading=\"lazy\" srcset=\"https:\/\/markakuyumculuk.com\/wp-content\/uploads\/2023\/01\/ceyrek-300x375.jpg 300w, https:\/\/markakuyumculuk.com\/wp-content\/uploads\/2023\/01\/ceyrek-600x750.jpg 600w, https:\/\/markakuyumculuk.com\/wp-content\/uploads\/2023\/01\/ceyrek-240x300.jpg 240w, https:\/\/markakuyumculuk.com\/wp-content\/uploads\/2023\/01\/ceyrek-819x1024.jpg 819w, https:\/\/markakuyumculuk.com\/wp-content\/uploads\/2023\/01\/ceyrek-768x960.jpg 768w, https:\/\/markakuyumculuk.com\/wp-content\/uploads\/2023\/01\/ceyrek.jpg 1080w\" sizes=\"auto, (max-width: 300px) 100vw, 300px\" \/><br \/>\n                                                <\/a><\/p>\n<ul>\n<li>\n                                                        <a href=\"#\" data-quick-id=\"119\" aria-label=\"Eski Tarihli \u00c7eyrek Alt\u0131n\"><br \/>\n                                                            Quick View<br \/>\n                                                        <\/a>\n                                                    <\/li>\n<li><a href=\"?add-to-cart=119\" data-quantity=\"1\" data-product_id=\"119\" data-product_sku=\"\" aria-label=\"&ldquo;Eski Tarihli \u00c7eyrek Alt\u0131n&rdquo; \u00fcr\u00fcn\u00fcn\u00fc sepete ekle\" rel=\"nofollow\">Sepete Ekle<\/a><\/li>\n<\/ul>\n<p>                                            <a href=\"https:\/\/markakuyumculuk.com\/?product_cat=altin\">Alt\u0131n<\/a><\/p>\n<h4 class='ht-product-title'><a href='https:\/\/markakuyumculuk.com\/?product=eski-tarihli-ceyrek-altin'>Eski Tarihli \u00c7eyrek Alt\u0131n<\/a><\/h4>\n<p>\t<bdi>&#8378;2,069.00<\/bdi><br \/>\n                            <!--Product End--><\/p>\n","protected":false},"excerpt":{"rendered":"<p>\u00d6nceki Sonraki SENDEN ONA \u00d6M\u00dcR BOYU HATIRA Quick View Sepete Ekle Alt\u0131n Eski Tarihli \u00c7eyrek Alt\u0131n &#8378;2,069.00 Quick View Sepete Ekle Alt\u0131n Yeni Tarihli \u00c7eyrek Alt\u0131n &#8378;2,079.00 EN \u00c7OK SATANLAR Quick View Sepete Ekle Alt\u0131n Yeni Tarihli \u00c7eyrek Alt\u0131n &#8378;2,079.00 Quick View Sepete Ekle Alt\u0131n Eski Tarihli \u00c7eyrek Alt\u0131n &#8378;2,069.00<\/p>\n","protected":false},"author":1,"featured_media":0,"parent":0,"menu_order":0,"comment_status":"closed","ping_status":"closed","template":"elementor_header_footer","meta":{"om_disable_all_campaigns":false,"_monsterinsights_skip_tracking":false,"_monsterinsights_sitenote_active":false,"_monsterinsights_sitenote_note":"","_monsterinsights_sitenote_category":0,"_kad_post_transparent":"","_kad_post_title":"hide","_kad_post_layout":"fullwidth","_kad_post_sidebar_id":"","_kad_post_content_style":"unboxed","_kad_post_vertical_padding":"hide","_kad_post_feature":"hide","_kad_post_feature_position":"","_kad_post_header":false,"_kad_post_footer":false,"footnotes":""},"class_list":["post-48","page","type-page","status-publish","hentry"],"aioseo_notices":[],"_links":{"self":[{"href":"https:\/\/markakuyumculuk.com\/index.php?rest_route=\/wp\/v2\/pages\/48","targetHints":{"allow":["GET"]}}],"collection":[{"href":"https:\/\/markakuyumculuk.com\/index.php?rest_route=\/wp\/v2\/pages"}],"about":[{"href":"https:\/\/markakuyumculuk.com\/index.php?rest_route=\/wp\/v2\/types\/page"}],"author":[{"embeddable":true,"href":"https:\/\/markakuyumculuk.com\/index.php?rest_route=\/wp\/v2\/users\/1"}],"replies":[{"embeddable":true,"href":"https:\/\/markakuyumculuk.com\/index.php?rest_route=%2Fwp%2Fv2%2Fcomments&post=48"}],"version-history":[{"count":49,"href":"https:\/\/markakuyumculuk.com\/index.php?rest_route=\/wp\/v2\/pages\/48\/revisions"}],"predecessor-version":[{"id":153,"href":"https:\/\/markakuyumculuk.com\/index.php?rest_route=\/wp\/v2\/pages\/48\/revisions\/153"}],"wp:attachment":[{"href":"https:\/\/markakuyumculuk.com\/index.php?rest_route=%2Fwp%2Fv2%2Fmedia&parent=48"}],"curies":[{"name":"wp","href":"https:\/\/api.w.org\/{rel}","templated":true}]}}